10*i + 14. What is the hundreds digit of f(k)?
2
Let a(m) = -2*m**3 + 2*m**2 + 2*m - 6. Let h be a(-5). Suppose 4*c = -4*q + 876, -c - 1361 + h = -5*q. What is the units digit of q?
6
Let a(p) = 19*p**2 + 3*p - 4. Let j be a(1). Let r = j + 3. What is the tens digit of r?
2
Suppose -3*r + 5*k + 51 = -2*r, 0 = -r - 5*k + 41. Let d be (10/((-60)/(-27)))/((-4)/(-8)). Let j = r - d. What is the units digit of j?
7
Let i = -98 - -98. Suppose i = m - 3*o - 45, -5*o - 69 = 4*m - 198. What is the units digit of m?
6
Let u(d) = 7*d**2 - 6*d + 8. Let m = -9 - -14. What is the hundreds digit of u(m)?
1
Let h be (9/4)/((-12)/(-32)). Let u(z) = z**2 - 6*z. Let s be u(h). Suppose -x + 11 = m, 4*m = -s*m + 3*x + 30. What is the units digit of m?
9
Suppose -i + 37 = 2*b, 0 = 2*b + 3*b - 5*i - 130. Let r be (-3 - 3)*9/(-6). Let w = b - r. What is the units digit of w?
2
Suppose 20*z + 1968 = 22*z. Suppose -5*p - 1310 = 3*h, 0 = 2*h + p + z - 106. What is the tens digit of ((-2)/5)/(16/h)?
1
Let c(r) = -17*r + 6. What is the tens digit of c(-3)?
5
Let v = 37 + 131. Let q be v/30 - (-3)/(-5). Suppose 2*h + q*n - 46 - 12 = 0, -h - 4*n + 32 = 0. What is the units digit of h?
4
Suppose -4*b = 2 - 18. Suppose -171 = b*t + 3*k, 0*t + 2*t - k + 93 = 0. What is the tens digit of t/(-3)*(-4 - -7)?
4
Let t(d) = -51*d + 132. What is the units digit of t(-35)?
7
Suppose 0 = 3*o + 2*g - 11589 + 868, -5*g + 10715 = 3*o. What is the hundreds digit of o?
5
Let l = -1122 + 1926. What is the units digit of l?
4
Let b(q) = q + 1. Let c(g) = 13*g + 9. Let f(d) = 6*b(d) - c(d). What is the tens digit of f(-6)?
3
Let x(q) = -4*q**2 - 2*q + 0*q**3 - 2*q**3 + 0*q**2. Let w be x(-2). Suppose 0 = -w*u - 2 + 6. What is the units digit of u?
1
Let t be (2/4)/((-12)/72). Let x(r) = r**2 - 6. What is the units digit of x(t)?
3
Suppose 5*r + 2*g - 19 - 13 = 0, 19 = 4*r - 5*g. Suppose 1635 = r*h - 11*h. What is the tens digit of (-2)/(-3) - h/9?
3
Let o(n) = 14*n**2 + 47*n + 391. What is the units digit of o(-9)?
2
Let y(l) be the third derivative of 3*l**5/20 - l**4/4 + l**3/6 - 27*l**2. What is the units digit of y(3)?
4
Let b(m) = 25*m + 240. What is the tens digit of b(5)?
6
Let l be (1/4)/(7/70)*34. Suppose l = -44*w + 45*w. What is the units digit of w?
5
Let j be 4/(-20) + 92/10. Let x(n) = n + 22. What is the units digit of x(j)?
1
Suppose -6*z + 4*z = 2. What is the units digit of (-63 - -3)/(z/1)?
0
Suppose 0 = -3*j + 13 - 31. What is the units digit of (-39)/j*(9 - 1)?
2
Let r = -12 - 3. What is the tens digit of 8776/120 - (-2)/r?
7
Suppose -5*j - 6 = 3*t, -j - 13 - 5 = -5*t. Let g be -16 + (2/2 - -2). Let f = j - g. What is the units digit of f?
0
Suppose -u = -1, 2*i = -u - 0*u + 9. Suppose -3*y - r + 9 + 19 = 0, -3*r + i = -y. What is the units digit of y?
8
What is the thousands digit of (-11414)/(-10) + -3 + (-6)/(-10)?
1
Let l(d) = 2*d - 8. Let z(y) = 4*y - 16. Let u(t) = -5*l(t) + 2*z(t). What is the tens digit of u(-21)?
5
What is the units digit of 0 + (846/6)/(-1 - -4)?
7
Let t(w) = w**3 + 3*w**2 - w - 2. Let q be t(-3). Let f = q + 0. What is the tens digit of 19 + (f + 1)/1?
2
Let m = -18 + 24. What is the tens digit of (-948)/8*m/(-9)?
7
Let s(r) = 4*r - 26*r + 9*r + 1 - 21*r. Let j be s(4). What is the units digit of j/(-6) - 1/(-2)?
3
Suppose 0 = -4*k + 10*k - 942. What is the tens digit of k?
5
Let y be (10 - 9) + 1/1. Suppose -7 + 1 = -y*b. Suppose -29 = b*u - 122. What is the units digit of u?
1
Suppose v - 1674 - 130 = -2*x, 0 = -5*v - 2*x + 9004. What is the thousands digit of v?
1
Suppose -2 + 8 = 2*t. Suppose -202 = -t*n + n. What is the tens digit of n?
0
Suppose -r + 4*r - 4 = -u, 0 = 5*u - 3*r + 34. What is the units digit of (-18)/u*(12 + 3)?
4
Let u(h) = 2*h - 1. Let l be u(2). Suppose 8*d + l*k = 3*d + 213, -3*k = -3. What is the tens digit of d?
4
Let k be (-60)/(-40)*20/6. Suppose -2*d - 2*d + 200 = k*i, 4*d - 240 = 5*i. What is the units digit of d?
5
Let w(x) = 14*x**3 - 6*x**2 + 9*x - 7. What is the hundreds digit of w(3)?
3
Suppose 8*r + 60 = 12. Let q(l) = 3*l**3 + 0*l - 6 + l - 2*l**3 + 7*l**2. What is the tens digit of q(r)?
2
Let y = 496 - 715. Let l = y - -340. What is the hundreds digit of l?
1
Let d(b) = b**3 + 4*b**2 - 10*b - 17. Let p be d(-7). Let g = 20 - p. Suppose -2*r - 2*i = -g, 5*i = -2*r + 6*r - 201. What is the tens digit of r?
5
Let i = -6 - 33. What is the hundreds digit of (-4986)/i - 8/(-52)?
1
Suppose 3*m + 148 = i + 4*m, -3*i = -2*m - 449. What is the units digit of i?
9
Suppose y = -3, -3*c + y + 49 = 19. Let q = c + -11. Let r = -1 - q. What is the units digit of r?
1
Suppose -2*z + 3*s = -117, -4*z = 3*s - 279 - 0. What is the tens digit of z?
6
Suppose -6*c + 1670 + 2926 = 0. What is the hundreds digit of c?
7
Suppose -10*f = -12*f + 6. Suppose f*h + 14 = 398. What is the units digit of h?
8
Let x(r) = r**3 + 4*r**2 - 10*r - 4. Let b be x(6). Suppose -10*c = -6*c - b. What is the units digit of c?
4
Let n be (-4695)/20 + (3 + -2)/(-4). Let v = -105 - n. What is the tens digit of v?
3
Let d = 1836 - -405. What is the hundreds digit of d?
2
Let j(i) be the third derivative of -i**6/120 + i**5/20 + i**4/8 + 5*i**2. Let c be j(4). What is the tens digit of (8/10)/(c/(-340))?
6
Let x be (-4)/(-1) + -2 + 1. Suppose j - x + 0 = 0. Suppose -2*b + 4*b = -2*u + 8, -2*b + 5 = j*u. What is the units digit of b?
7
Suppose 4*r + 3*n = 1514, -13*n + 9*n = -5*r + 1908. What is the tens digit of r?
8
Let d be (3 + 0)/((-9)/(-30)). Let m be 0 + -2 + (1 - -1) + 16. Let f = m - d. What is the units digit of f?
6
Let y = 17 + -15. Let h(g) = -y + 3 + g**3 - 2*g + 1 + g**2. What is the units digit of h(2)?
0
Let i = -5 - -9. Suppose 6*x + 3*n = x + 15, 0 = i*n. Suppose x = -3*h + 6. What is the units digit of h?
1
Suppose 0*q + 165 = 11*q. What is the units digit of 17 - q - 3*57*-1?
3
Let l(q) = -32*q + 1191. What is the hundreds digit of l(0)?
1
Let a(v) = 3*v**2 + 4*v - 24. What is the units digit of a(-7)?
5
Suppose -20 = t - 5*t. Suppose t + 0 = -5*o. What is the units digit of (2/o)/((-50)/1375)?
5
Let m(x) = -5*x + 10. Let s be m(5). Let r = s + 79. What is the units digit of r?
4
What is the units digit of (-2508)/(-9) + (-2)/3?
8
Let t(a) = 2*a**2 + 11*a + 4. Let u be t(-7). Suppose -u + 3 = -2*b. What is the units digit of b?
1
Let b = 451 - 304. What is the hundreds digit of b?
1
Suppose -4*g - 2809 = 9*f - 10*f, -5615 = -2*f + 5*g. What is the tens digit of f?
0
Let t(l) = -14*l**3 - 4*l**2 + 4*l + 70. What is the thousands digit of t(-6)?
2
Suppose -2*d + 556 = g, -2*d - 3 = -3*d. What is the tens digit of g?
5
What is the tens digit of 3566/4 - (-15)/30?
9
Let q = 5496 + -2478. What is the units digit of q?
8
Let a(b) = -b**3 + 5*b**2 + 4*b - 7. Let g = 16 - 10. Let c be a(g). Let q = -10 - c. What is the units digit of q?
9
Let k(a) = 163*a**2 - 2*a - 56. What is the hundreds digit of k(-5)?
0
Let y(d) be the third derivative of -17*d**5/120 + d**4/12 + d**3/2 + 8*d**2. Let q(l) be the first derivative of y(l). What is the units digit of q(-2)?
6
What is the tens digit of -956*5/(-20) + 0?
3
Suppose -16*w + 5378 = -2462. What is the tens digit of w?
9
Let j = 1 + 3. Suppose -j*n + 5*n - 77 = 0. Let b = n - 38. What is the units digit of b?
9
What is the tens digit of (-3934)/(3 - 10) - (0 - -3)?
5
Let t(q) = 4*q - 12. Suppose 3*j - 19 = 3*w + 17, 10 = 5*j + 5*w. What is the tens digit of t(j)?
1
Suppose -w - 4 = 0, -66*w + 67*w - 8105 = -3*i. What is the tens digit of i?
0
Suppose 0 = 4*l + 1 + 3. Let j be (0 + l)*-1*5. Let r = j + 22. What is the tens digit of r?
2
Let k = -114 + 54. Let d = k - -110. Let o = d - 34. What is the units digit of o?
6
Suppose -20*x = -15*x - 850. Suppose 85 = a + 3*t, a + 5*t = 3*a - x. What is the units digit of a?
5
Let b be (1/1)/((-1)/(-3)). Suppose 2*f - 24 = -8*i + b*i, 0 = -4*f + i + 48. Suppose 3*c - c = f. What is the units digit of c?
6
Let s(m) = -4*m + 17. Let c(h) = 77*h - 322. Let a(g) = 3*c(g) + 56*s(g). Let b be a(9). Suppose b = y + 17. What is the tens digit of y?
3
Suppose -2*n + 5*t + 12 = 0, 3*n + 2*t + 4 = 3. Let y = -1 - n. Let i = 28 + y. What is the units digit of i?
6
Let c be ((-4)/(-6) - 0)/(110/825). Suppose -5*x + 140 = 5*y - 4*y, 0 = -c*y + x + 804. What is th